80.
78
Calculate the remainder when 51150 is divided by 63.
57
Calculate the remainder when 13426 is divided by 675.
601
Calculate the remainder when 97461 is divided by 393.
390
What is the remainder when 12901 is divided by 12551?
350
Calculate the remainder when 2751 is divided by 297.
78
Calculate the remainder when 880 is divided by 443.
437
What is the remainder when 3689 is divided by 56?
49
Calculate the remainder when 37518 is divided by 99.
96
Calculate the remainder when 2686 is divided by 336.
334
What is the remainder when 14460 is divided by 1445?
10
What is the remainder when 133669 is divided by 969?
916
What is the remainder when 3002 is divided by 32?
26
Calculate the remainder when 96105 is divided by 35.
30
Calculate the remainder when 15513 is divided by 15128.
385
Calculate the remainder when 1862537 is divided by 460.
457
Calculate the remainder when 27174 is divided by 120.
54
Calculate the remainder when 53898 is divided by 22.
20
What is the remainder when 1699 is divided by 23?
20
What is the remainder when 127463 is divided by 23?
20
Calculate the remainder when 45582 is divided by 28.
26
Calculate the remainder when 44738 is divided by 952.
946
Calculate the remainder when 42202 is divided by 78.
4
What is the remainder when 1460548 is divided by 273?
271
What is the remainder when 395707 is divided by 576?
571
What is the remainder when 290485 is divided by 1126?
1103
Calculate the remainder when 57279 is divided by 2595.
189
Calculate the remainder when 3662152 is divided by 665.
662
Calculate the remainder when 8219 is divided by 142.
125
Calculate the remainder when 80238 is divided by 31.
10
What is the remainder when 3363551 is divided by 524?
519
What is the remainder when 4209 is divided by 509?
137
What is the remainder when 1184171 is divided by 277?
273
Calculate the remainder when 34075 is divided by 26.
15
Calculate the remainder when 262124 is divided by 75.
74
What is the remainder when 23494 is divided by 107?
61
Calculate the remainder when 4036 is divided by 573.
25
Calculate the remainder when 29737 is divided by 330.
37
Calculate the remainder when 7996 is divided by 130.
66
What is the remainder when 2411 is divided by 355?
281
What is the remainder when 853 is divided by 846?
7
Calculate the remainder when 1499 is divided by 1353.
146
What is the remainder when 266572 is divided by 6?
4
Calculate the remainder when 39652 is divided by 25.
2
What is the remainder when 43099 is divided by 106?
63
Calculate the remainder when 2902 is divided by 492.
442
What is the remainder when 158240 is divided by 39558?
8
Calculate the remainder when 1668 is divided by 1512.
156
What is the remainder when 15940 is divided by 1337?
1233
What is the remainder when 2276864 is divided by 171?
170
What is the remainder when 1163843 is divided by 23?
20
Calculate the remainder when 214243 is divided by 76.
75
Calculate the remainder when 6237 is divided by 1487.
289
Calculate the remainder when 4590 is divided by 30.
0
Calculate the remainder when 81058 is divided by 8105.
8
What is the remainder when 1948 is divided by 283?
250
What is the remainder when 8188 is divided by 946?
620
Calculate the remainder when 208631 is divided by 146.
143
Calculate the remainder when 47075 is divided by 266.
259
Calculate the remainder when 128 is divided by 32.
0
What is the remainder when 4366 is divided by 1155?
901
Calculate the remainder when 1191 is divided by 28.
15
What is the remainder when 400141 is divided by 521?
13
What is the remainder when 1158 is divided by 34?
2
Calculate the remainder when 4637 is divided by 258.
251
What is the remainder when 105685 is divided by 208?
21
Calculate the remainder when 3598 is divided by 1362.
874
What is the remainder when 3807 is divided by 775?
707
What is the remainder when 928 is divided by 229?
12
Calculate the remainder when 9598 is divided by 50.
48
Calculate the remainder when 2149 is divided by 1873.
276
What is the remainder when 1285 is divided by 451?
383
Calculate the remainder when 602678 is divided by 11.
10
What is the remainder when 7930 is divided by 29?
13
Calculate the remainder when 22294 is divided by 31.
5
Calculate the remainder when 4360 is divided by 192.
136
Calculate the remainder when 914505 is divided by 133.
130
What is the remainder when 1180995 is divided by 33?
24
Calculate the remainder when 685524 is divided by 24.
12
What is the remainder when 2959 is divided by 521?
354
What is the remainder when 263 is divided by 121?
21
Calculate the remainder when 1247956 is divided by 35.
31
What is the remainder when 156876 is divided by 59?
54
Calculate the remainder when 14196 is divided by 43.
6
What is the remainder when 22069 is divided by 5488?
117
What is the remainder when 70399 is divided by 256?
255
What is the remainder when 3339 is divided by 820?
59
What is the remainder when 3096 is divided by 121?
71
What is the remainder when 379692 is divided by 12248?
4
Calculate the remainder when 8688 is divided by 396.
372
What is the remainder when 23603 is divided by 74?
71
Calculate the remainder when 1098 is divided by 629.
469
Calculate the remainder when 196730 is divided by 464.
458
What is the remainder when 10662 is divided by 4?
2
Calculate the remainder when 25123 is divided by 741.
670
What is the remainder when 63358 is divided by 16?
14
What is the remainder when 415 is divided by 395?
20
Calculate the remainder when 1405 is divided by 21.
19
Calculate the remainder when 11797 is divided by 124.
17
Calculate the remainder when 3242 is divided by 275.
217
Calculate the remainder when 2749 is divided by 381.
82
Calculate the remainder when 235371 is divided by 78416.
123
What is the remainder when 574 is divided by 285?
4
Calculate the remainder when 2078 is divided by 320.
158
What is the remainder when 42627 is divided by 38?
29
Calculate the remainder when 566747 is divided by 21.
20
Calculate the remainder when 6670 is divided by 154.
48
What is the remainder when 183392 is divided by 102?
98
Calculate the remainder when 4876 is divided by 306.
286
What is the remainder when 1150900 is divided by 105?
100
Calculate the remainder when 10448 is divided by 46.
6
What is the remainder when 39075 is divided by 372?
15
What is the remainder when 189474 is divided by 569?
566
What is the remainder when 71144 is divided by 279?
278
Calculate the remainder when 34022 is divided by 178.
24
Calculate the remainder when 42206 is divided by 548.
10
Calculate the remainder when 76126 is divided by 218.
44
Calculate the remainder when 19430 is divided by 1607.
146
Calculate the remainder when 4782 is divided by 175.
57
Calculate the remainder when 2608 is divided by 2565.
43
Calculate the remainder when 275 is divided by 140.
135
What is the remainder when 31348 is divided by 32?
20
What is the remainder when 5285 is divided by 1747?
44
Calculate the remainder when 4429 is divided by 737.
7
Calculate the remainder when 21886 is divided by 96.
94
Calculate the remainder when 2258366 is divided by 8.
6
What is the remainder when 2501 is divided by 1188?
125
What is the remainder when 3249779 is divided by 369?
365
Calculate the remainder when 6068 is divided by 264.
260
What is the remainder when 2593 is divided by 1285?
23
What is the remainder when 59575 is divided by 961?
954
Calculate the remainder when 8564 is divided by 4262.
40
What is the remainder when 1500 is divided by 316?
236
Calculate the remainder when 7151 is divided by 376.
7
Calculate the remainder when 44059 is divided by 34.
29
What is the remainder when 4979231 is divided by 144?
143
Calculate the remainder when 4137 is divided by 143.
133
Calculate the remainder when 51099 is divided by 433.
5
What is the remainder when 1381771 is divided by 1481?
1479
What is the remainder when 1095296 is divided by 50?
46
Calculate the remainder when 19081 is divided by 94.
93
What is the remainder when 16445 is divided by 159?
68
What is the remainder when 69908 is divided by 34901?
106
Calculate the remainder when 30410 is divided by 3311.
611
Calculate the remainder when 11805 is divided by 33.
24
Calculate the remainder when 31529 is divided by 1.
0
Calculate the remainder when 2244 is